
What is the millions digit of 3291276197?
1
What is the units digit of 213359054?
4
What is the ten thousands digit of 36824944?
2
What is the millions digit of 759588991?
9
What is the tens digit of 35760148?
4
What is the hundreds digit of 697200726?
7
What is the billions digit of 1100941855?
1
What is the tens digit of 563543995?
9
What is the units digit of 5147561904?
4
What is the hundred thousands digit of 8633443?
6
What is the hundred thousands digit of 289123985?
1
What is the ten thousands digit of 81303259?
0
What is the millions digit of 56449055?
6
What is the units digit of 77757547?
7
What is the ten millions digit of 1546398714?
4
What is the thousands digit of 309164164?
4
What is the hundreds digit of 136833073?
0
What is the millions digit of 64927842?
4
What is the ten thousands digit of 354368658?
6
What is the tens digit of 8036323740?
4
What is the thousands digit of 17611869?
1
What is the hundred thousands digit of 3655923901?
9
What is the hundreds digit of 674294784?
7
What is the hundred thousands digit of 188194037?
1
What is the tens digit of 93742350?
5
What is the hundred thousands digit of 575040692?
0
What is the thousands digit of 85551596?
1
What is the units digit of 37208292?
2
What is the millions digit of 42872696?
2
What is the units digit of 1518622050?
0
What is the ten thousands digit of 2446474611?
7
What is the hundreds digit of 649375662?
6
What is the hundreds digit of 2776438329?
3
What is the hundred millions digit of 311726666?
3
What is the millions digit of 1178324394?
8
What is the millions digit of 145057675?
5
What is the millions digit of 958442968?
8
What is the thousands digit of 15008523?
8
What is the ten thousands digit of 16307535?
0
What is the hundred millions digit of 973466067?
9
What is the hundred millions digit of 363485340?
3
What is the hundred millions digit of 4142002533?
1
What is the millions digit of 838548380?
8
What is the thousands digit of 4122846147?
6
What is the hundreds digit of 48343482?
4
What is the thousands digit of 6896446440?
6
What is the thousands digit of 21663877?
3
What is the hundred thousands digit of 612587?
6
What is the thousands digit of 1204135181?
5
What is the millions digit of 2392136934?
2
What is the hundreds digit of 2255160758?
7
What is the hundreds digit of 276066739?
7
What is the hundred thousands digit of 89801998?
8
What is the thousands digit of 220119035?
9
What is the hundred millions digit of 206675487?
2
What is the ten thousands digit of 1276702101?
0
What is the tens digit of 11402830?
3
What is the tens digit of 177427464?
6
What is the hundreds digit of 583423287?
2
What is the millions digit of 236828547?
6
What is the ten millions digit of 1787711829?
8
What is the ten thousands digit of 383646214?
4
What is the hundreds digit of 740296249?
2
What is the ten thousands digit of 6012528388?
2
What is the hundreds digit of 17563529?
5
What is the ten millions digit of 1547088719?
4
What is the hundred millions digit of 391436169?
3
What is the tens digit of 26899767?
6
What is the hundred thousands digit of 55925485?
9
What is the units digit of 702378093?
3
What is the hundred millions digit of 283951063?
2
What is the hundred thousands digit of 302959294?
9
What is the units digit of 3988250930?
0
What is the millions digit of 83472255?
3
What is the units digit of 738091273?
3
What is the ten thousands digit of 34864032?
6
What is the millions digit of 2087838763?
7
What is the hundreds digit of 443755215?
2
What is the thousands digit of 2137782072?
2
What is the hundred millions digit of 741199774?
7
What is the hundred thousands digit of 295288417?
2
What is the ten thousands digit of 453544792?
4
What is the tens digit of 197312797?
9
What is the hundreds digit of 3316094291?
2
What is the tens digit of 100381195?
9
What is the ten millions digit of 129778158?
2
What is the thousands digit of 61518795?
8
What is the millions digit of 2501617995?
1
What is the tens digit of 3719026985?
8
What is the millions digit of 177017599?
7
What is the millions digit of 65341582?
5
What is the millions digit of 63280686?
3
What is the hundred millions digit of 141494288?
1
What is the hundred millions digit of 2224054239?
2
What is the ten thousands digit of 53974489?
7
What is the thousands digit of 105546456?
6
What is the tens digit of 53871229?
2
What is the millions digit of 22391953?
2
What is the hundreds digit of 156613740?
7
What is the ten millions digit of 486950943?
8
What is the thousands digit of 290864416?
4
What is the tens digit of 392624333?
3
What is the units digit of 1491395576?
6
What is the ten millions digit of 892287755?
9
What is the millions digit of 1308499490?
8
What is the ten millions digit of 435353234?
3
What is the units digit of 54872260?
0
What is the millions digit of 501595712?
1
What is the hundreds digit of 1241039560?
5
What is the ten millions digit of 360616008?
6
What is the millions digit of 23500585?
3
What is the tens digit of 311999045?
4
What is the units digit of 172402115?
5
What is the hundreds digit of 4628712?
7
What is the hundreds digit of 19486519?
5
What is the thousands digit of 593834833?
4
What is the hundred millions digit of 6368947479?
3
What is the ten thousands digit of 195093226?
9
What is the thousands digit of 33276097?
6
What is the thousands digit of 4936920118?
0
What is the units digit of 7918819?
9
What is the thousands digit of 685644765?
4
What is the millions digit of 397529701?
7
What is the units digit of 1124692618?
8
What is the millions digit of 31117603?
1
What is the thousands digit of 1652061176?
1
What is the units digit of 2277995415?
5
What is the tens digit of 237778674?
7
What is the tens digit of 218364524?
2
What is the hundreds digit of 167248365?
3
What is the ten millions digit of 748004460?
4
What is the hundreds digit of 413108087?
0
What is the hundred millions digit of 368274461?
3
What is the tens digit of 108798048?
4
What is the millions digit of 95600817?
5
What is the ten millions digit of 37132925?
3
What is the thousands digit of 1976546591?
6
What is the ten thousands digit of 2535063966?
6
What is the hundreds digit of 3846730?
7
What is the tens digit of 259177404?
0
What is the ten millions digit of 1218771503?
1
What is the units digit of 86622798?
8
What is the ten millions digit of 42995698?
4
What is the units digit of 201783?
3
What is the billions digit of 2447407426?
2
What is the ten thousands digit of 85072740?
7
What is the hundreds digit of 2184649726?
7
What is the hundreds digit of 4258785933?
9
What is the hundreds digit of 58966984?
9
What is the hundreds digit of 144815230?
2
What is the units digit of 567085947?
7
What is the ten thousands digit of 55254247?
5
What is the millions digit of 512271498?
2
What is the ten thousands digit of 38273823?
7
What is the ten millions digit of 4556626186?
5
What is the ten thousands digit of 178693030?
9
What is the hundreds digit of 169112239?
2
What is the thousands digit of 3294411066?
1
What is the millions digit of 27490244?
7
What is the thousands digit of 3956057270?
7
What is the thousands digit of 193638260?
8
What is the hundred thousands digit of 48302006?
3
What is the units digit of 9609665?
5
What is the tens digit of 903273389?
8
What is the ten millions digit of 25008000?
2
What is the ten millions digit of 327403881?
2
What is the hundreds digit of 345648134?
1
What is the millions digit of 132173609?
2
What is the tens digit of 309387448?
4
What is the hundred millions digit of 682657997?
6
What is the ten millions digit of 1165619011?
6
What is the units digit of 130140633?
3
What is the ten thousands digit of 266148188?
4
What is the units digit of 1420776477?
7
What is the ten thousands digit of 66664262?
6
What is the hundred thousands digit of 173299020?
2
What is the thousands digit of 169988300?
8
What is the thousands digit of 29477633?
7
What is the hundred thousands digit of 466479251?
4
What is the units digit of 1335848471?
1
What is the tens digit of 2090687807?
0
What is the ten millions digit of 153957414?
5
What is the ten thousands digit of 46723367?
2
What is the ten millions digit of 131917554?
3
What is the hundred th